 of -12 + 33 + -4 + (-7 - 0)?
10
What is -3 + 3 + (-10 - (-1 + 1))?
-10
Evaluate (-2 - -6) + 5 + -1 + 140 + -151.
-3
Calculate 1 + (41 + -41 - (7 - 0)) - -17.
11
1 + 0 + (-22 - -18) - (-8 - -9)
-4
Evaluate 6 + (4 + -2 - (-11 + 35)) - -4.
-12
Calculate -14 - ((0 - (-2 + 3)) + 5 + 1).
-19
(5 - -3) + (-5 + 3 - 0) + -3
3
Evaluate (-15 - -8) + (-11 + 5 - -13) + -2.
-2
What is the value of 0 + -1 + (-1 - 3) + (-24 - -27)?
-2
What is 1 + -3 + 1 + (32 - (38 + -18))?
11
Calculate 4 + 2 + (-2 + 0 - -4).
8
Calculate 0 + -5 + 23 + (1 - (5 + -2)).
16
Calculate 13 + -5 + -2 + 7 + 4.
17
Calculate ((16 - -1) + -200 + 209 - -3) + 3.
32
What is 36 + (-7 - 18) + 12?
23
Evaluate (5 - 27) + 56 - 31.
3
(3 + (-24 - -9) - -5) + 29
22
Calculate (-4 - -5) + 7 + -1 - 9 - 11.
-13
-5 + (22 - 17) + -4
-4
What is 15 - (16 - 0 - (56 - 46))?
9
Evaluate (-1 - 0) + -4 + 9 + -86 + 87.
5
What is 5 - 0 - (-33 + 34 - 13)?
17
Evaluate -13 - ((-15 - -6) + 41 + -9).
-36
Calculate 1 - -7 - (1658 + -1677).
27
Evaluate 8 - (11 + -6) - -2.
5
16 + (14 - 38 - -20)
12
What is the value of -3 + 4 + -2 + -3 - (110 + -119)?
5
What is the value of -758 + 755 - (-1 - (8 - 0))?
6
What is the value of (-6 - (6 - 12)) + 8 + 3?
11
What is the value of 37 - (0 - (12 - 21)) - 7?
21
6 + (-6 - -10) + -3 - -4
11
What is the value of (14 - 7 - 10) + -5 + (-11 - -2)?
-17
Calculate 5 - (1 + -2 + 4 - (-4 - -15)).
13
Calculate (26 - 33) + (19 - (-3 + 2)).
13
What is (-27 - (-24 - -15)) + -6 + -1?
-25
What is 30 + 3 + -19 + -3?
11
0 - 9 - (6 + 12 - 26) - 7
-8
Calculate -1 + (-8 - 0) + -2 + 11.
0
Calculate 3 + (43 + -44 - (5 - 1)).
-2
Evaluate -2 - (-1 - 9 - (-13 - (13 - 30))).
12
Evaluate 31 + -3 + 36 + -61.
3
What is the value of -2 + -8 + 15 - 7?
-2
What is 10 + (-1 - 0) - (812 - 789)?
-14
What is the value of -1 + 18 + (-52 - -63)?
28
Evaluate -352 + 334 + (-3 - -3).
-18
What is -15 + -3 + 18 + (-3 - -3) + -20?
-20
Calculate 0 - ((-6 + -8 + 6 - -5) + 8).
-5
What is the value of 37 + (-8 + -1 - (26 + 27 + -51))?
26
-17 + 12 - (-94 - -85)
4
Calculate (-8 - -11 - -6) + -8.
1
What is the value of 137 - 139 - (-8 + 0)?
6
Calculate (21 - 8 - 10) + (2 - 3 - 22).
-20
What is the value of (17 - -1 - 34) + 33?
17
1 - 1 - 19 - (29 - 36)
-12
Calculate 10 + -7 - (50 + -54).
7
-17 + -6 + 36 + -1 - 10
2
Calculate -25 + -1 - (19 - 1 - (0 + 17)).
-27
(13 - (13 - -6) - -10) + -2 + -5
-3
What is the value of 3 + (-11 - (13 + -12 + (-6 - -2)))?
-5
What is the value of -3 - (1 - -3 - (-10 + -10 - -21))?
-6
What is the value of (1 - 2 - -1 - (952 + -955)) + 17?
20
What is the value of (16 - (36 + -48)) + -5?
23
Evaluate (-12 - 30) + 15 + 17.
-10
What is the value of (31 + -64 - (-15 - (-2 + -2))) + -7?
-29
What is the value of 1 + 6 + (-8 - (5 - 11))?
5
Evaluate -14 - (-2 + (3 - 3) + (18 - 21)).
-9
What is 4 + (-27 - -4 - (-14 - (11 + -17)))?
-11
What is 6 - (14 - -20) - (9 + -6) - -4?
-27
What is the value of -1 + -6 - (-21 + 21)?
-7
What is 630 + -633 + (2 - -1)?
0
Calculate (4 - 1) + (30 - (20 - -18)).
-5
Evaluate 1 + -9 + 10 + (16 - 15).
3
Calculate 2 + 13 + 12 + 13 + -23.
17
What is 24 - (29 - 9 - 13) - 14?
3
What is the value of -19 + (-182 - -167) + (2 - -23)?
-9
What is 40 + 35 + -41 - (1 + 5)?
28
What is 15 + (1 - (-1 + 8) - 0)?
9
Evaluate (-3 - 16) + 18 + (13 - 29).
-17
What is -23 - 11 - (-6 + -15)?
-13
What is 3 + -59 - -31 - -22?
-3
Calculate (28 - (8 + 19)) + (0 - 0).
1
(1 + -5 - -8) + (22 - 28)
-2
What is -17 + (6 - (2 - 10)) - -11?
8
What is (24 - 1 - (-12 + 19) - 11) + 3?
8
Evaluate 10 - (13 + (5 - 19) - -13).
-2
What is 0 + -2 + -1 - -2 - (-9 + 16)?
-8
Calculate 22 + -2 + -16 + -19.
-15
What is the value of 14 + -5 + -12 + (10 - -4)?
11
1 - 10 - -45 - 38
-2
Calculate (19 - 8 - 19 - -12) + 11.
15
-3 - ((-4 - (2 - -12)) + -4 + 7)
12
(46 - 14 - 13) + -8 + 3
14
Calculate -13 - (-12 - -1 - -27).
-29
(8 - 5) + -11 + (3 - 6) + -2
-13
Evaluate (-4 - 5) + (31 - 16).
6
What is -3 - (-14 + 28) - (-4 - -10)?
-23
Calculate 4 + 2 - (-8 - (11 + -3 + -20)).
2
Calculate 1 - (4 - -15 - 11).
-7
Evaluate (-8 + (-1 - -8) - 10) + 5 + -10.
-16
Evaluate (-85 + 85 - (1 - 2)) + 7.
8
What is the value of 25 - 23 - (-1 + 7) - (0 - -1)?
-5
-11 - (-10 - 2) - (-8 - 1)
10
What is the value of (166 + -176 - (1 - 12)) + 17?
18
Evaluate 11 - (5 + (-10 - -12)) - -8.
12
7 + (-14 - -7 - 9) + 7 + 20
18
Evaluate -12 - (-10 + 6 + -12) - (32 - 3).
-25
Evaluate (-28 - -61 - 33) + -2 + -3.
-5
1 + 9 - (38 - (-7 - -42))
7
18 - (-15 + 3 - (-8 - -7 - 6))
23
Evaluate -19 + 5 + 1 + 9.
-4
What is 2 + -1 + 6 - (1 - 4 - -4)?
6
What is -1 - ((-4 - -5) + 7) - (6 + 0)?
-15
What is the value of -50 - -14 - (-14 + -8)?
-14
What is the value of 15 - (0 + 4) - 14?
-3
Evaluate (35 + (13 - 5) - (-1 + 9)) + -4.
31
Evaluate -8 + 6 - ((-1 + -5 - -4) + 12).
-12
(-110 + 48 - -68) + (-1 - 1) + -1
3
Calculate 1 + -67 + 93 + -1 + -9.
17
What is -3 + -18 + 16 + -4 - 0?
-9
What is -6 - (-7 + (-4 - 2 - -1 - -8))?
-2
Calculate (63 + -37 - (5 + -6)) + -2.
25
What is -10 + 0 + -7 + -4 + 5 + 2?
-14
What is the value of 1 - -4 - ((-11 - -7 - 16) + 26)?
-1
Calculate 2 + -17 + (6 - (14 + 2) - -8).
-17
Evaluate (-3 - 11) + (30 - 17).
-1
What is the value of -4 - ((3 - 4) + (4 - -21) + -11)?
-17
Calculate 1 + 27 - -6 - 41.
-7
7 - (-2 + -1 - (-11 + 1 - -5))
5
Calculate -6 - (-10 + 5 - -5 - 0).
-6
What is the value of 0 + 7 + 2 + (5 - 12 - -1)?
3
((7 - 11) + 1 - -2) + -6
-7
What is (-143 - -154 - (3 - (0 + -2))) + -12?
-6
What is -19 + 19 - ((3 - 1) + -5 + 5)?
-2
Calculate (-9 - 0) + (9 + -5 + -3 - -22).
14
Calculate -489 + 493 + -1 + 2 + 7.
12
What is (-32 - 0) + 69 + (-109 - -56)?
-16
What is the value of (-9 - -7) + -53 - -15 - -2?
-38
What is the value of (-8 - -2) + 3 + 8 + 8 + -13?
0
Evaluate -8 + (2 + -2 - (4 - (5 - -3))).
-4
(6 - 7 - 1 - 19) + (52 - 47)
-16
Calculate (-31 - -20) + 25 + -5.
9
11 + -13 + 9 - 21
-14
Calculate -705 - -682 - (-2 - 12).
-9
Calculate (-1 - (7 + -8 + 1)) + -6.
-7
1 - 5 - (-9 + 9 + -7 - -3)
0
(1 - (8 - (-1 + 5))) + -6 + 0
-9
Evaluate 0 - 0 - -10 - (1 + -1 - -1).
9
(-11 - (-23 - -5)) + -16 + 3 - 4
-10
Calculate 1 + 1 - ((18 - 2) + (53 - 60)).
-7
What is -12 - (-7 - (-36 - -20))?
-21
11 + 0 + (-5 - -1)
7
What is the value of -3 + (51 - 21) + -37?
-10
(3 - 5) + 11 - 18
-9
Evaluate (-5 - 1) + (-124 - -131) + 4.
5
What is the value of -19 - (0 - (-7 - (-15 + 7)) - 7)?
-11
Evaluate 3 - (-8 - (-20 - -6)) - 4 - 0.
-7
Evaluate 0 - ((2 + 11 - 5) + -18).
10
Calculate (8 - 9) + 4 + 7 + -13 - 6.
-9
(61 - (-26 + 47)) + -36
4
What is the value of -8 + (-5 - -8) + 2 + -7?
-10
What is the value of (1 - 0) + 2 + (8 - -14 - 13)?
12
What is the value of -37 - ((41 - 6) + -46)?
-26
0 - (0 + -6 + (14 - 19) - 3)
14
What is -14 - (0 + -2) - ((-11 - 4) + 8)?
-5
(-17 - (-1 + 19 + -14)) + 2
-19
What is 11 - 7 - (3 + (0 - -3 - 3))?
1
-1 + 15 + 10 + 10 + -54
-20
Calculate -97 - -100 - ((4 - 5) + 2).
2
What is the value of 50 + (-35 - (-26 - -24))?
17
Evaluate (-19 - 0 - (-385 + 371)) + -6.
-11
Calculate 3 + -6 + -14 + -3 - (10 + -15).
-15
Evaluate (-1 - -8) + (-69 + 81 - (20 - 0)).
-1
Evaluate -291 + 302 + (-18 - (0 - -1 - 4)).
-4
What is 17 + -41 + -22 - -19?
-27
27 - (-2 - -8 - (-5 + -5 - -9))
20
-5 - (14 + -18) - 15
-16
Evaluate -1 + -3 + 0 + 8 + -1.
3
7 + -8 + -8 + 2 + -1
-8
Calculate 3 - -2 - ((10 + -20 - -11) + 3).
1
-23 + -5 - 2 - (215 + -232)
-13
Calculate (-8 + -5 - -23) + -18.
-8
Evaluate -4 - (11 + -3 + 6 + -5).
-13
-41 + -1 + (2 - -1) + 9 + 9
-21
What is 6 + (-10 - -2) - -6 - 30?
-26
What is -23 - -9 - -10 - -1?
-3
What is 14 + (-9 - -14) + (-41 - -5)?
-17
Evaluate -6 + (7 - (-10 - -4)).
7
What is the value of -5 + -34 + 23 + 18?
2
Evaluate -1 + (5 - (2 + -7)).
9
What is (5 - (13 - 4)) + 19 - (1 - -2)?
12
What is (15 + -3 - 19) + (15 - -3)?
11
Calculate -6 + (21 + -12 - (6 - 2)) + 3.
2
What is -3 + (6 - ((1 - 4) + 13 + -13))?
6
10 + -22 + 3 + 10 - (5 - -1)
-5
What is the value of 22 - 0 - (-14 - -54)?
-18
Calculate 24 - ((12 - -8) + 1).
3
What is the value of 24 + (9 - (5 + 17))?
11
Calculate 36 + -37 + -33 - (1 + (1 - 12)).
-24
3 + 9 - (66 - 88)
34
Calculate (0 - (0 - 4)) + (54 - 52).
6
Calculate 6 + -7 + 1 - 4 - 3.
-7
-4 + (5 - 0) + 1 + -6
-4
Calculate 2 + 3 - ((-16 - (12 + -23)) + 7).
3
What is 5 + (-5 + -6 + 6 + 8 - 22)?
-14
What is (1 - 8) + (-26 - -24)?
-9
Evaluate 34